{"id":34,"date":"2016-03-07T16:50:45","date_gmt":"2016-03-07T15:50:45","guid":{"rendered":"http:\/\/apwte.de\/?page_id=34"},"modified":"2017-05-01T13:34:03","modified_gmt":"2017-05-01T11:34:03","slug":"agb","status":"publish","type":"page","link":"https:\/\/apwte.de\/index.php\/agb\/","title":{"rendered":"AGB"},"content":{"rendered":"<div class=\"su-table su-table-alternate\">\n<table>\n<tr>\n<td>Allgemeine Gesch\u00e4ftsbedingungen der Firma<br \/>\nApparatebau-W\u00e4rmetechnik GmbH \u2022 35582 Wetzlar-Dutenhofen<\/td>\n<\/tr>\n<\/table>\n<\/div>\n<div class=\"su-tabs su-tabs-style-default su-tabs-mobile-stack\" data-active=\"1\" data-scroll-offset=\"0\" data-anchor-in-url=\"no\"><div class=\"su-tabs-nav\"><span class=\"\" data-url=\"\" data-target=\"blank\" tabindex=\"0\" role=\"button\">als Text<\/span><span class=\"\" data-url=\"\" data-target=\"blank\" tabindex=\"0\" role=\"button\">als PDF<\/span><\/div><div class=\"su-tabs-panes\"><div class=\"su-tabs-pane su-u-clearfix su-u-trim\" data-title=\"als Text\">\n<div class=\"su-accordion su-u-trim\">\n<div class=\"su-spoiler su-spoiler-style-default su-spoiler-icon-caret su-spoiler-closed\" data-scroll-offset=\"0\" data-anchor-in-url=\"no\"><div class=\"su-spoiler-title\" tabindex=\"0\" role=\"button\"><span class=\"su-spoiler-icon\"><\/span>\u00a7 1 Geltung der Gesch\u00e4ftsbedingungen<\/div><div class=\"su-spoiler-content su-u-clearfix su-u-trim\">\n<ol>\n<li>Unsere Lieferungen und Leistungen erfolgen ausschlie\u00dflich aufgrund<br \/>\nder nachstehenden Bedingungen. Gesch\u00e4ftsbedingungen des<br \/>\nBestellers, die von uns nicht ausdr\u00fccklich schriftlich anerkannt<br \/>\nwerden, haben keine G\u00fcltigkeit. Unsere Gesch\u00e4ftsbedingungen<br \/>\ngelten auch dann, wenn wir in Kenntnis entgegenstehender oder von<br \/>\nunseren Bedingungen abweichender Bedingungen des Bestellers<br \/>\ndie Lieferung an den Besteller vorbehaltlos ausf\u00fchren.<\/li>\n<li>Unsere Gesch\u00e4ftsbedingungen gelten auch f\u00fcr alle k\u00fcnftigen<br \/>\nGesch\u00e4fte mit dem Besteller.<\/li>\n<\/ol>\n<\/div><\/div>\n<div class=\"su-spoiler su-spoiler-style-default su-spoiler-icon-caret su-spoiler-closed\" data-scroll-offset=\"0\" data-anchor-in-url=\"no\"><div class=\"su-spoiler-title\" tabindex=\"0\" role=\"button\"><span class=\"su-spoiler-icon\"><\/span>\u00a7 2 Angebot und Vertragsschluss<\/div><div class=\"su-spoiler-content su-u-clearfix su-u-trim\">\n<ol>\n<li>Unsere Angebote sind freibleibend und unverbindlich. Alle Vertr\u00e4ge<br \/>\n\u00fcber unsere Lieferungen und Leistungen sowie alle sonstigen<br \/>\nVereinbarungen und rechtserheblichen Erkl\u00e4rungen bed\u00fcrfen zu ihrer<br \/>\nRechtswirksamkeit unserer schriftlichen oder per Telefax erfolgten<br \/>\nBest\u00e4tigung. Das gleiche gilt f\u00fcr Erg\u00e4nzungen und Ab\u00e4nderungen.<br \/>\nUnsere Mitarbeiter sind nicht berechtigt, m\u00fcndliche Nebenabreden zu<br \/>\ntreffen. Auch hier hat zur Wirksamkeit eine schriftliche Best\u00e4tigung zu<br \/>\nerfolgen.<\/li>\n<li>Unsere Angaben zum Gegenstand der Lieferung oder Leistung<br \/>\nsowie unsere Darstellungen derselben sind unter Ber\u00fccksichtigung<br \/>\ntechnisch notwendiger Toleranzen ma\u00dfgeblich. Abweichungen,<br \/>\nwelche aufgrund rechtlicher Vorschriften erfolgen oder technische<br \/>\nVerbesserungen darstellen, sind zul\u00e4ssig, soweit sie die<br \/>\nVerwendbarkeit zum vertraglich vorgesehenen Zweck nicht<br \/>\nbeeintr\u00e4chtigen.<\/li>\n<li>An Abbildungen, Zeichnungen, Kalkulationen oder sonstigen<br \/>\nUnterlagen behalten wir uns Eigentums- und Urheberrechte vor; sie<br \/>\nd\u00fcrfen Dritten ohne unsere ausdr\u00fcckliche schriftliche Zustimmung<br \/>\nnicht zug\u00e4nglich gemacht werden.<\/li>\n<\/ol>\n<\/div><\/div>\n<div class=\"su-spoiler su-spoiler-style-default su-spoiler-icon-caret su-spoiler-closed\" data-scroll-offset=\"0\" data-anchor-in-url=\"no\"><div class=\"su-spoiler-title\" tabindex=\"0\" role=\"button\"><span class=\"su-spoiler-icon\"><\/span>\u00a7 3 Preise<\/div><div class=\"su-spoiler-content su-u-clearfix su-u-trim\">\n<ol>\n<li>Unsere Preise gelten f\u00fcr den in unseren Auftragsbest\u00e4tigungen<br \/>\naufgef\u00fchrten Leistungs- und Lieferumfang. Mehr- und Sonderleistungen<br \/>\nwerden gesondert berechnet.<\/li>\n<li>Unsere Preise verstehen sich f\u00fcr Inlandsgesch\u00e4fte in EURO zzgl.<br \/>\njeweils g\u00fcltiger Mehrwertsteuer. Sie gelten f\u00fcr alle Lieferungen ab<br \/>\nWerk, ausschlie\u00dflich Verpackung unversichert und unverzollt (bei<br \/>\nExportlieferungen).<\/li>\n<li>Montagekosten sind, soweit nichts anderes vereinbart ist, im Preis<br \/>\nnicht inbegriffen. Sie werden gesondert nach Aufwand und den<br \/>\njeweils g\u00fcltigen Montages\u00e4tzen abgerechnet.<\/li>\n<\/ol>\n<\/div><\/div>\n<div class=\"su-spoiler su-spoiler-style-default su-spoiler-icon-caret su-spoiler-closed\" data-scroll-offset=\"0\" data-anchor-in-url=\"no\"><div class=\"su-spoiler-title\" tabindex=\"0\" role=\"button\"><span class=\"su-spoiler-icon\"><\/span>\u00a7 4 Ausf\u00fchrung der Lieferungen und Leistungen<\/div><div class=\"su-spoiler-content su-u-clearfix su-u-trim\">\n<ol>\n<li>Lieferfristen und -termine sowie Leistungsfristen und -termine sind<br \/>\ngrunds\u00e4tzlich verbindlich, es sei denn, dass ausdr\u00fccklich etwas<br \/>\nanderes vereinbart ist. Sofern Versendung vereinbart wurde,<br \/>\nbeziehen sich Lieferfristen und Termine auf den Zeitpunkt der<br \/>\n\u00dcbergabe an das zur Ausf\u00fchrung der Versendung bestimmte<br \/>\nTransportunternehmen.<\/li>\n<li>Verz\u00f6gert sich die Lieferung durch h\u00f6here Gewalt, Arbeitsk\u00e4mpfe,<br \/>\nUnruhen, beh\u00f6rdliche Ma\u00dfnahmen, Ausbleiben von Zulieferungen<br \/>\nunserer Lieferanten oder \u00e4hnliche, unvorhersehbare, unabwendbare<br \/>\nund schwerwiegende Ereignisse oder durch ein Handeln oder<br \/>\nUnterlassen des Bestellers, so wird eine den Umst\u00e4nden angemessene<br \/>\nVerl\u00e4ngerung der Lieferfrist gew\u00e4hrt.<\/li>\n<li>Der Besteller ist zum R\u00fccktritt vom Vertrag nur berechtigt, wenn wir<br \/>\ndie Nichteinhaltung des Liefertermines zu vertreten haben und er uns<br \/>\nerfolglos eine angemessene Nachfrist gesetzt hat.<\/li>\n<li>Werden Gegenst\u00e4nde nach Angaben des Abnehmers hergestellt,<br \/>\n\u00fcbernimmt dieser die Garantie daf\u00fcr, dass gewerbliche Schutzrechte<br \/>\nDritter nicht verletzt werden. Wird uns unter Geltendmachung solcher<br \/>\nSchutzrechte die Herstellung oder Lieferung derartiger oder \u00e4hnlicher<br \/>\nGegenst\u00e4nde untersagt, sind wir ohne Verpflichtung zur Pr\u00fcfung der<br \/>\nRechtslage berechtigt, insoweit jede weitere T\u00e4tigkeit einzustellen<br \/>\nund Ersatz des entstandenen Schadens zu verlangen.<\/li>\n<li>Haben wir die betriebsfertige Aufstellung oder Montage der zu liefernden<br \/>\nGegenst\u00e4nde \u00fcbernommen, ist der Besteller verpflichtet,<br \/>\nseinerseits alle erforderlichen Vorbereitungen zu treffen, d.h. auch<br \/>\ndie erforderlichen Sicherheits- und Arbeitsschutzvorsorgema\u00dfnahmen<br \/>\nzu treffen, so dass unser Personal unverz\u00fcglich mit den<br \/>\nArbeiten beginnen kann.Kommt der Besteller in Abnahmeverzug oder verletzt er sonstige<br \/>\nMitwirkungspflichten, so sind wir berechtigt, den uns entstehenden<br \/>\nSchaden, einschlie\u00dflich etwaiger Mehraufwendungen, zu verlangen.<br \/>\nIn diesem Falle geht auch die Gefahr eines zuf\u00e4lligen Unterganges<br \/>\noder einer zuf\u00e4lligen Verschlechterung der Kaufsache in dem<br \/>\nZeitpunkt auf den Besteller \u00fcber, in welchem dieser in<br \/>\nAnnahmeverzug ger\u00e4t.<\/li>\n<\/ol>\n<\/div><\/div>\n<div class=\"su-spoiler su-spoiler-style-default su-spoiler-icon-caret su-spoiler-closed\" data-scroll-offset=\"0\" data-anchor-in-url=\"no\"><div class=\"su-spoiler-title\" tabindex=\"0\" role=\"button\"><span class=\"su-spoiler-icon\"><\/span>\u00a7 5 Erf\u00fcllungsort, Gefahr\u00fcbergang, Verpackungskosten<\/div><div class=\"su-spoiler-content su-u-clearfix su-u-trim\">\n<ol>\n<li>Erf\u00fcllungsort f\u00fcr alle Verpflichtungen aus dem Vertragsverh\u00e4ltnis ist<br \/>\n35582 Wetzlar-Dutenhofen.<\/li>\n<li>Verz\u00f6gert sich die Lieferung durch h\u00f6here Gewalt, Arbeitsk\u00e4mpfe,<br \/>\nUnruhen, beh\u00f6rdliche Ma\u00dfnahmen, Ausbleiben von Zulieferungen<br \/>\nunserer Lieferanten oder \u00e4hnliche, unvorhersehbare, unabwendbare<br \/>\nund schwerwiegende Ereignisse oder durch ein Handeln oder<br \/>\nUnterlassen des Bestellers, so wird eine den Umst\u00e4nden angemessene<br \/>\nVerl\u00e4ngerung der Lieferfrist gew\u00e4hrt.<\/li>\n<li>Die Gefahr geht sp\u00e4testens mit der \u00dcbergabe des Liefergegenstandes<br \/>\nan den Frachtf\u00fchrer etc. \u00fcber.<\/li>\n<\/ol>\n<\/div><\/div>\n<div class=\"su-spoiler su-spoiler-style-default su-spoiler-icon-caret su-spoiler-closed\" data-scroll-offset=\"0\" data-anchor-in-url=\"no\"><div class=\"su-spoiler-title\" tabindex=\"0\" role=\"button\"><span class=\"su-spoiler-icon\"><\/span>\u00a7 6 Sachm\u00e4ngel<\/div><div class=\"su-spoiler-content su-u-clearfix su-u-trim\">\n<ol>\n<li>Die Beschaffenheit der Kaufsache richtet sich ausschlie\u00dflich nach<br \/>\nden vereinbarten technischen Liefervorschriften. Falls wir nach<br \/>\nZeichnungen, Spezifikationen, Mustern etc. des Bestellers zu liefern<br \/>\nhaben, \u00fcbernimmt dieser das Risiko der Eignung f\u00fcr den vor<br \/>\ngesehenen Verwendungszweck.<br \/>\nEntscheidend f\u00fcr den vertragsgem\u00e4\u00dfen Zustand der Ware ist der<br \/>\nZeitpunkt der \u00dcbergabe des Kaufgegenstandes an Bahn-,<br \/>\nSpediteur-, Frachtf\u00fchrer beziehungsweise Beginn der Lagerung,<br \/>\nsp\u00e4testens jedoch mit Verlassen des Werkes oder Lagers.<\/li>\n<li>F\u00fcr Sachm\u00e4ngel, die durch ungeeignete oder unsachgem\u00e4\u00dfe<br \/>\nVerwendung, fehlerhafte Montage bzw. Inbetriebsetzung durch den<br \/>\nPartner oder Dritte, \u00fcbliche Abnutzung, fehlerhafte oder nachl\u00e4ssige<br \/>\nBehandlung entstehen, stehen wir ebenso wenig ein, wie f\u00fcr die<br \/>\nFolgen unsachgem\u00e4\u00dfer und ohne unsere Einwilligung vorgenommene<br \/>\n\u00c4nderungen oder Instandsetzungsarbeiten des<br \/>\nBestellers oder Dritter. Gleiches gilt f\u00fcr M\u00e4ngel, die den Wert oder<br \/>\ndie Tauglichkeit der Ware nur unerheblich mindern.<\/li>\n<li>Die Sachm\u00e4ngelanspr\u00fcche des Bestellers verj\u00e4hren in 24 Monaten<br \/>\nnach der \u00dcbergabe (vgl. \u00a7 6 Ziffer 1). F\u00fcr die Geltendmachung dieser<br \/>\nRechte ist Voraussetzung, dass der Besteller seinen nach \u00a7\u00a7<br \/>\n377 und 378 HGB geschuldeten Untersuchungs- und R\u00fcgeobliegenheiten<br \/>\nnachgekommen ist.<\/li>\n<li>Wurde eine Abnahme der Ware oder eine Erstmusterpr\u00fcfung vereinbart,<br \/>\nist die R\u00fcge von M\u00e4ngeln ausgeschlossen, die der Besteller<br \/>\nbei sorgf\u00e4ltiger Abnahme oder Erstmusterpr\u00fcfung h\u00e4tte feststellen<br \/>\nk\u00f6nnen.<\/li>\n<li>Uns ist Gelegenheit zu geben, den ger\u00fcgten Mangel festzustellen.<br \/>\nBeanstandete Ware ist auf Verlangen unverz\u00fcglich an uns zur\u00fcckzusenden;<br \/>\nwir \u00fcbernehmen die Transportkosten wenn die<br \/>\nM\u00e4ngelr\u00fcge berechtigt ist. Wenn der Besteller diesen Verpfichtungen<br \/>\nnicht nachkommt oder ohne unsere Zustimmung \u00c4nderungen<br \/>\nan der bereits beanstandeten Ware vornimmt, verliert er etwaige<br \/>\nSachm\u00e4ngelanspr\u00fcche.<\/li>\n<li>Bei berechtigter, fristgem\u00e4\u00dfer M\u00e4ngelr\u00fcge bessern wir nach unserer<br \/>\nWahl die beanstandete Ware nach oder liefern einwandfreien<br \/>\nErsatz. Die \u00dcbernahme von Kosten f\u00fcr Montagearbeiten durch uns<br \/>\nist in jedem Fall ausgeschlossen.<\/li>\n<li>Kommen wir diesen Verpflichtungen nicht oder nicht vertragsgem\u00e4\u00df<br \/>\ninnerhalb einer angemessenen Zeit nach, so kann der Besteller uns<br \/>\nschriftlich eine letzte Frist setzen, innerhalb der wir unseren<br \/>\nVerpflichtungen nachzukommen haben. Nach erfolglosem Ablauf<br \/>\ndieser Frist kann der Besteller vom Vertrag zur\u00fccktreten oder die<br \/>\nnotwendige Nachbesserung selbst oder von einem Dritten auf<br \/>\nunsere Kosten und Gefahr vornehmen lassen. Wurde die<br \/>\nNachbesserung erfolgreich von dem Besteller oder einem Dritten<br \/>\ndurchgef\u00fchrt, so sind alle Anspr\u00fcche des Bestellers mit Erstattung<br \/>\nder ihm entstandenen erforderlichen Kosten abgegolten. Ggf. ist<br \/>\nauch hier die Erstattung von Kosten f\u00fcr Montagearbeiten<br \/>\nausgeschlossen. Eine Kostenerstattung ist ausgeschlossen, soweit<br \/>\ndie Aufwendungen sich erh\u00f6hen, weil die Ware nach unserer<br \/>\nLieferung an einen anderen Ort verbracht worden ist, es sei denn,<br \/>\ndies entspricht dem bestimmungsgem\u00e4\u00dfen Gebrauch der Ware.<\/li>\n<li>Gesetzliche R\u00fcckgriffanspr\u00fcche des Bestellers gegen uns bestehen nur<br \/>\ninsoweit, als der Besteller mit seinen Abnehmern keine Vereinbarung<br \/>\ngetroffen hat, die \u00fcber die gesetzlichen M\u00e4ngel-anpr\u00fcche hinaus gehen.<br \/>\nF\u00fcr den Umfang der R\u00fcckgriffsanspr\u00fcche gilt \u00a7 6 Ziffer 7 entsprechend.<\/li>\n<\/ol>\n<\/div><\/div>\n<div class=\"su-spoiler su-spoiler-style-default su-spoiler-icon-caret su-spoiler-closed\" data-scroll-offset=\"0\" data-anchor-in-url=\"no\"><div class=\"su-spoiler-title\" tabindex=\"0\" role=\"button\"><span class=\"su-spoiler-icon\"><\/span>\u00a7 7 Sonstige Anspr\u00fcche, Haftung<\/div><div class=\"su-spoiler-content su-u-clearfix su-u-trim\">\n<ol>\n<li>Soweit sich nachstehend nichts anderes ergibt, sind sonstige und<br \/>\nweitergehende Anspr\u00fcche des Bestellers gegen uns ausgeschlossen. Dies<br \/>\ngilt insbesondere f\u00fcr Schadenersatzanspr\u00fcche wegen Verletzung von<br \/>\nPflichten aus dem Vertragsverh\u00e4ltnis und aus unerlaubter Handlung. Wir<br \/>\nhaften deshalb nicht f\u00fcr Sch\u00e4den, die nicht an der gelieferten Ware selbst<br \/>\nentstanden sind. Vor allem haften wir nicht f\u00fcr entgangenen Gewinn<br \/>\noder sonstige Verm\u00f6genssch\u00e4den des Bestellers.<\/li>\n<li>Vorstehende Haftungsbeschr\u00e4nkungen gelten nicht bei Vorsatz, bei<br \/>\ngrober Fahrl\u00e4ssigkeit unserer gesetzlichen Vertreter oder leitenden<br \/>\nAngestellten sowie bei schuldhafter Verletzung wesentlichen<br \/>\nVertragspflichten. Bei schuldhafter Verletzung wesentlicher Vertragspflichten<br \/>\nhaften wir &#8211; au\u00dfer in F\u00e4llen des Vorsatzes oder der groben Fahrl\u00e4ssigkeit<br \/>\nunserer gesetzlichen Vertreter oder leitenden Angestellten &#8211; nur f\u00fcr den<br \/>\nvertragstypischen, vern\u00fcnftigerweise vorhersehbaren Schaden.<\/li>\n<li>Die Haftungsbeschr\u00e4nkung gilt ferner nicht in den F\u00e4llen, in denen nach<br \/>\nProdukthaftungsgesetz bei Fehlern, der gelieferten Ware f\u00fcr Personen- oder<br \/>\nSachsch\u00e4den an privat genutzten Gegenst\u00e4nden gehaftet wird. Sie gilt<br \/>\nauch nicht bei der Verletzung von Leben, K\u00f6rper oder Gesundheit und<br \/>\nbeim Fehlen von zugesicherten Eigenschaften, wenn und soweit die<br \/>\nZusicherung gerade bezweckt hat, den Partner gegen Sch\u00e4den, die nicht<br \/>\nan der gelieferten Ware selbst entstanden sind, abzusichern.<\/li>\n<li>Soweit unsere Haftung ausgeschlossen oder beschr\u00e4nkt ist, gilt dies auch f\u00fcr<br \/>\ndie pers\u00f6nliche Haftung unserer Angestellten, Arbeitnehmer, Mitarbeiter,<br \/>\ngesetzlichen Vertreter und Erf\u00fcllungsgehilfen.<\/li>\n<li>Die gesetzlichen Regelungen zur Beweislast bleiben hiervon unber\u00fchrt.<\/li>\n<\/ol>\n<\/div><\/div>\n<div class=\"su-spoiler su-spoiler-style-default su-spoiler-icon-caret su-spoiler-closed\" data-scroll-offset=\"0\" data-anchor-in-url=\"no\"><div class=\"su-spoiler-title\" tabindex=\"0\" role=\"button\"><span class=\"su-spoiler-icon\"><\/span>\u00a7 8 Eigentumsvorbehalt<\/div><div class=\"su-spoiler-content su-u-clearfix su-u-trim\">\n<ol>\n<li>Wir behalten uns das Eigentum an der gelieferten Ware bis zur Erf\u00fcllung<br \/>\naller Forderungen aus der Gesch\u00e4ftsverbindung mit dem Besteller vor.<\/li>\n<li>Bei Zahlungsverzug des Bestellers sind wir nach angemessener<br \/>\nNachfristsetzung berechtigt, auch ohne R\u00fccktritt auf Kosten des Bestellers<br \/>\ndie Herausgabe der Vorbehaltsware zu verlangen.<br \/>\nDer Besteller berechtigt uns bereits jetzt, seinen Betrieb zu betreten und<br \/>\ndie gelieferte Ware abzuholen.<br \/>\nIn der R\u00fccknahme der Ware beziehungsweise Geltendmachung des<br \/>\nEigentumsvorbehaltes und in unserer Pf\u00e4ndung der Ware liegt ein R\u00fccktritt<br \/>\nvom Vertrag nur dann, wenn wir dies ausdr\u00fccklich erkl\u00e4ren.<br \/>\nWir sind zum R\u00fccktritt vom Vertrag berechtigt, wenn Antrag auf Er\u00f6ffnung<br \/>\ndes Insolvenzverfahrens \u00fcber das Verm\u00f6gen des Bestellers gestellt<br \/>\nwird.<\/li>\n<li>Der Besteller ist verpflichtet, die Kaufsache pfleglich zu behandeln,<br \/>\ninsbesondere ist er verpflichtet, diese auf eigene Kosten gegen Feuer-,<br \/>\nWasser- und Diebstahlsch\u00e4den ausreichend zum Neuwert zu versichern.<br \/>\nSofern Wartungs- und Inspektionsarbeiten erforderlich sind, muss der<br \/>\nBesteller diese auf eigene Kosten rechtzeitig durchf\u00fchren.<\/li>\n<li>\u00dcber Zwangsvollstreckungsma\u00dfnahmen Dritter in die Vorbehaltsware, in<br \/>\ndie uns abgetretenen Forderungen oder in sonstige Sicherheiten hat der<br \/>\nBesteller uns unverz\u00fcglich unter \u00dcbergabe der f\u00fcr eine Intervention<br \/>\nnotwendigen Unterlagen zu unterrichten. Dies gilt auch f\u00fcr<br \/>\nBeeintr\u00e4chtigungen sonstiger Art.<\/li>\n<li>Der Besteller ist berechtigt, die Kaufsache im ordentlichen<br \/>\nGesch\u00e4ftsgang weiter zu verkaufen; er tritt uns jedoch bereits jetzt alle<br \/>\nForderungen in H\u00f6he des Faktura &#8211; Endbetrages (einschlie\u00dflich<br \/>\nMehrwertsteuer) ab, die ihm aus der Weiterver\u00e4u\u00dferung gegen seinen<br \/>\nAbnehmer oder Dritte erwachsen und zwar unabh\u00e4ngig davon, ob die<br \/>\nKaufsache ohne oder nach Verarbeitung weiter verkauft worden ist. Zur<br \/>\nEinziehung dieser Forderung bleibt der Besteller auch nach der Abtretung<br \/>\nberechtigt. Unsere Befugnis, die Forderung selbst einzuziehen bleibt<br \/>\nhiervon unber\u00fchrt. Wir verpflichten uns jedoch, die Forderung nicht<br \/>\neinzuziehen, solange der Besteller seinen Zahlungsverpflichtungen aus den<br \/>\nvereinnahmten Erl\u00f6sen nachkommt, nicht in Zahlungsverzug ist und<br \/>\ninsbesondere kein Antrag auf Er\u00f6ffnung eines Insolvenz- oder<br \/>\nVergleichsverfahrens gestellt ist oder Zahlungseinstellung vorliegt. Ist aber<br \/>\ndies der Fall, k\u00f6nnen wir verlangen, dass der Besteller uns die abgetretenen<br \/>\nForderungen und deren Schuldner bekannt gibt, alle zum Einzug<br \/>\nerforderlichen Angaben macht, die dazugeh\u00f6rigen Unterlagen aush\u00e4ndigt und<br \/>\nden Schuldnern (Dritten) die Abtretung mitteilt.<\/li>\n<li>Die Verarbeitung oder Umbildung der Kaufsache durch den Besteller<br \/>\nwird stets f\u00fcr uns vorgenommen. Wird die Kaufsache mit anderen, uns nicht<br \/>\ngeh\u00f6renden Gegenst\u00e4nden verarbeitet, so erwerben wir das Miteigentum<br \/>\nan der neuen Sache im Verh\u00e4ltnis des Wertes der Kaufsache zu den<br \/>\nanderen verarbeiteten Gegenst\u00e4nden zur Zeit der Verarbeitung. F\u00fcr die<br \/>\ndurch die Verarbeitung entstehende Sache gilt im \u00dcbrigen das gleiche wie<br \/>\nf\u00fcr die unter Vorbehalt gelieferte Kaufsache.<\/li>\n<li>Wird die Kaufsache mit anderen, uns nicht geh\u00f6renden Gegenst\u00e4nden<br \/>\nuntrennbar vermischt, so erwerben wir das Miteigentum an der neuen<br \/>\nSache im Verh\u00e4ltnis des Wertes der Kaufsache zu den anderen<br \/>\nvermischten Gegenst\u00e4nden zum Zeitpunkt der Vermischung. Erfolgt die<br \/>\nVermischung in der Weise, dass die Sache des Bestellers als Hauptsache<br \/>\nanzusehen ist, so gilt als vereinbart, dass der Besteller uns anteilm\u00e4\u00dfig<br \/>\nMiteigentum \u00fcbertr\u00e4gt. Der Besteller verwahrt das so entstandene<br \/>\nAlleineigentum oder Miteigentum f\u00fcr uns.<\/li>\n<li>Der Besteller tritt uns auch die Forderung zur Sicherung unserer<br \/>\nForderung gegen ihn ab, die durch Verbindung der Kaufsache mit einem<br \/>\nGrundst\u00fcck gegen einen Dritten erwachsen.<\/li>\n<\/ol>\n<\/div><\/div>\n<div class=\"su-spoiler su-spoiler-style-default su-spoiler-icon-caret su-spoiler-closed\" data-scroll-offset=\"0\" data-anchor-in-url=\"no\"><div class=\"su-spoiler-title\" tabindex=\"0\" role=\"button\"><span class=\"su-spoiler-icon\"><\/span>\u00a7 9 Zahlungsbedingungen<\/div><div class=\"su-spoiler-content su-u-clearfix su-u-trim\">\n<ol>\n<li>Unsere Rechnungsbetr\u00e4ge sind innerhalb von drei\u00dfig Tagen nach<br \/>\nRechnungsdatum netto oder innerhalb von zehn Tagen nach<br \/>\nRechnungserhalt bei uns eingehend mit 2 % Skonto zu bezahlen. Ein<br \/>\nSkonto wird nicht gew\u00e4hrt, wenn zum Zeitpunkt der Bezahlung ein f\u00e4lliger<br \/>\nSaldo aus einer anderen Forderung zu unseren Gunsten vorhanden ist.<\/li>\n<li>Ger\u00e4t der Besteller in Zahlungsverzug, so hat er unsere Forderung w\u00e4hrend<br \/>\ndes Verzuges mit 8 % \u00fcber dem Basiszins zu verzinsen. Die<br \/>\nGeltendmachung eines nachzuweisenden h\u00f6heren Verzugsschadens<br \/>\nbleibt vorbehalten.<\/li>\n<li>Bei Zahlungsverzug k\u00f6nnen wir nach schriftlicher Mitteilung an den<br \/>\nBesteller die Erf\u00fcllung unserer Verpflichtungen bis zum Erhalt der<br \/>\nZahlungen einstellen.<\/li>\n<li>Wenn nach Vertragsschluss erkennbar wird, dass unser Zahlungsanspruch<br \/>\ndurch mangelnde Leistungsf\u00e4higkeit des Bestellers gef\u00e4hrdet wird, so k\u00f6nnen<br \/>\nwir die Leistung verweigern und dem Besteller eine angemessene Frist<br \/>\nbestimmen, in welcher er Zug um Zug gegen Lieferung zu zahlen oder<br \/>\nSicherheit zu leisten hat. Bei Verweigerung des Bestellers oder erfolglosem<br \/>\nFristablauf sind wir berechtigt, vom Vertrag zur\u00fcckzutreten und Schadenersatz<br \/>\nzu verlangen.<\/li>\n<li>Die Zur\u00fcckhaltung von Zahlungen wegen oder die Aufrechnung mit<br \/>\nGegenanspr\u00fcchen des Bestellers ist nur zul\u00e4ssig, wenn die<br \/>\nGegenanspr\u00fcche unbestritten oder rechtskr\u00e4ftig festgestellt sind.<\/li>\n<\/ol>\n<\/div><\/div>\n<div class=\"su-spoiler su-spoiler-style-default su-spoiler-icon-caret su-spoiler-closed\" data-scroll-offset=\"0\" data-anchor-in-url=\"no\"><div class=\"su-spoiler-title\" tabindex=\"0\" role=\"button\"><span class=\"su-spoiler-icon\"><\/span>\u00a7 10 Schlussbestimmungen<\/div><div class=\"su-spoiler-content su-u-clearfix su-u-trim\">\n<ol>\n<li>Gerichtsstreit f\u00fcr alle etwaigen Streitigkeiten aus der<br \/>\nGesch\u00e4ftsbeziehung zwischen uns und dem Besteller ist Gie\u00dfen.<\/li>\n<li>Auf die Vertragsbeziehung ist ausschlie\u00dflich das Recht der<br \/>\nBundesrepublik Deutschland anzuwenden.<br \/>\nDie Anwendung des \u00dcbereinkommens der Vereinten Nationen vom 11.<br \/>\nApril 1980 \u00fcber Vertr\u00e4ge \u00fcber den Warenkauf (CISG -\u201eWiener<br \/>\nKaufrecht&#8220;) ist ausgeschlossen.<\/li>\n<li>Sollten einzelne der vorgenannten Bestimmungen sich als ung\u00fcltig<br \/>\nerweisen, so wird hierdurch die G\u00fcltigkeit der \u00fcbrigen<br \/>\nBestimmungen nicht ber\u00fchrt.<br \/>\nIm Rahmen des rechtlich m\u00f6glichen soll insoweit anstelle der<br \/>\nunwirksamen Bestimmung oder zur Ausf\u00fcllung der L\u00fccke die gesetzlich<br \/>\nzwingende, beziehungsweise eine angemessene Regelung gelten, die<br \/>\nwirtschaftlich dem am n\u00e4chsten kommt, was die Vertragsschlie\u00dfenden<br \/>\ngewollt haben w\u00fcrden, wenn sie diesen Punkt bedacht h\u00e4tten.<\/li>\n<\/ol>\n<\/div><\/div>\n<\/div>\n<p>Stand: November 2011<br \/>\n<\/div>\n<div class=\"su-tabs-pane su-u-clearfix su-u-trim\" data-title=\"als PDF\"><a href=\"http:\/\/apwte.de\/wp-content\/uploads\/2016\/03\/agb_aw.pdf\">unsere AGB als PDF<\/a><br \/>\n<\/div><\/div><\/div>\n","protected":false},"excerpt":{"rendered":"","protected":false},"author":1,"featured_media":0,"parent":0,"menu_order":4,"comment_status":"closed","ping_status":"closed","template":"","meta":{"footnotes":""},"class_list":["post-34","page","type-page","status-publish","hentry"],"_links":{"self":[{"href":"https:\/\/apwte.de\/index.php\/wp-json\/wp\/v2\/pages\/34","targetHints":{"allow":["GET"]}}],"collection":[{"href":"https:\/\/apwte.de\/index.php\/wp-json\/wp\/v2\/pages"}],"about":[{"href":"https:\/\/apwte.de\/index.php\/wp-json\/wp\/v2\/types\/page"}],"author":[{"embeddable":true,"href":"https:\/\/apwte.de\/index.php\/wp-json\/wp\/v2\/users\/1"}],"replies":[{"embeddable":true,"href":"https:\/\/apwte.de\/index.php\/wp-json\/wp\/v2\/comments?post=34"}],"version-history":[{"count":27,"href":"https:\/\/apwte.de\/index.php\/wp-json\/wp\/v2\/pages\/34\/revisions"}],"predecessor-version":[{"id":334,"href":"https:\/\/apwte.de\/index.php\/wp-json\/wp\/v2\/pages\/34\/revisions\/334"}],"wp:attachment":[{"href":"https:\/\/apwte.de\/index.php\/wp-json\/wp\/v2\/media?parent=34"}],"curies":[{"name":"wp","href":"https:\/\/api.w.org\/{rel}","templated":true}]}}