{"id":32,"date":"2016-03-07T16:50:27","date_gmt":"2016-03-07T15:50:27","guid":{"rendered":"http:\/\/apwte.de\/?page_id=32"},"modified":"2026-01-27T19:45:29","modified_gmt":"2026-01-27T18:45:29","slug":"impressum","status":"publish","type":"page","link":"https:\/\/apwte.de\/index.php\/impressum\/","title":{"rendered":"Impressum"},"content":{"rendered":"<div class=\"su-table su-table-alternate\">\n<table>\n<tbody>\n<tr>\n<td width=\"250\">Apparatebau-W\u00e4rmetechnik GmbH<\/td>\n<td><\/td>\n<\/tr>\n<tr>\n<td valign=\"top\">Industriestra\u00dfe 9-11<br \/>\n35582 Wetzlar-Dutenhofen<br \/>\nTelefon: +49 641 2004-0<br \/>\nTelefax: +49 641 2004-44<br \/>\nE-Mail: <a href=\"mailto:info@apwte.de\">info@apwte.de<\/a><br \/>\nInternet: <a href=\"http:\/\/apwte.softwarevisioin.info\">www.apwte.de<\/a><\/td>\n<td>Gesch\u00e4ftsf\u00fchrender Gesellschafter: Wolfram WellerVertretungsberechtigte Gesch\u00e4ftsf\u00fchrerin: Christine Ohlenschl\u00e4ger<\/p>\n<p>Registergericht: Amtsgericht Wetzlar<br \/>\nRegisternummer: HRB 289<\/p>\n<p>Umsatzsteuer-Identifikationsnummer gem\u00e4\u00df<br \/>\n\u00a7 27a Umsatzsteuergesetz: DE 194786080<\/p>\n<p>Steuer-Nr. FA Wetzlar 020 228 30004<\/p>\n<p>Haftungshinweis: Trotz sorgf\u00e4ltiger inhaltlicher Kontrolle \u00fcbernehmen<br \/>\nwir keine Haftung f\u00fcr die Inhalte externer Links. F\u00fcr den Inhalt der<br \/>\nverlinkten Seiten sind ausschlie\u00dflich deren Betreiber verantwortlich.<\/td>\n<\/tr>\n<\/tbody>\n<\/table>\n<\/div>\n","protected":false},"excerpt":{"rendered":"","protected":false},"author":1,"featured_media":0,"parent":0,"menu_order":2,"comment_status":"closed","ping_status":"closed","template":"","meta":{"footnotes":""},"class_list":["post-32","page","type-page","status-publish","hentry"],"_links":{"self":[{"href":"https:\/\/apwte.de\/index.php\/wp-json\/wp\/v2\/pages\/32","targetHints":{"allow":["GET"]}}],"collection":[{"href":"https:\/\/apwte.de\/index.php\/wp-json\/wp\/v2\/pages"}],"about":[{"href":"https:\/\/apwte.de\/index.php\/wp-json\/wp\/v2\/types\/page"}],"author":[{"embeddable":true,"href":"https:\/\/apwte.de\/index.php\/wp-json\/wp\/v2\/users\/1"}],"replies":[{"embeddable":true,"href":"https:\/\/apwte.de\/index.php\/wp-json\/wp\/v2\/comments?post=32"}],"version-history":[{"count":12,"href":"https:\/\/apwte.de\/index.php\/wp-json\/wp\/v2\/pages\/32\/revisions"}],"predecessor-version":[{"id":432,"href":"https:\/\/apwte.de\/index.php\/wp-json\/wp\/v2\/pages\/32\/revisions\/432"}],"wp:attachment":[{"href":"https:\/\/apwte.de\/index.php\/wp-json\/wp\/v2\/media?parent=32"}],"curies":[{"name":"wp","href":"https:\/\/api.w.org\/{rel}","templated":true}]}}